pose 3*o - 184 = -2*i + 348, 3*o = -5*i + 529. What is the hundreds digit of o?
1
Let l = -28 - -1. Let i = 0 - l. What is the units digit of i?
7
Let x(y) = -y**3 + 5*y**2 - 2*y - 4. Suppose -r - 2*r = -12. What is the units digit of x(r)?
4
Let j(g) = -7*g + 3. Let d(h) = -11*h + 4. Let x(w) = 5*d(w) - 8*j(w). Let u be x(8). Suppose 0 = -2*c + u + 30. What is the tens digit of c?
1
Let i be (0 - (0 + 79))*-1. Let c = 159 - i. What is the tens digit of c/15*(-18)/(-8)?
1
Let g(z) = z**3 - 10*z**2 - 5*z - 16. Let d = 35 + -24. What is the tens digit of g(d)?
5
Let w(l) = -l**3 + 21. Let j be w(0). Let u be (-8)/10 + 95/25. Suppose 0 = u*m - j - 21. What is the tens digit of m?
1
Let f(j) = j + 15. Let u be f(0). Suppose 5*g - u = 10. Suppose -22 = -2*r - 3*n, g*n - n - 34 = -3*r. What is the units digit of r?
4
Suppose -1003 = -4*o - 295. What is the hundreds digit of o?
1
Let h be 42/11 + 2/11. Let w = h - 3. What is the units digit of w - 2*2/(-4)?
2
Let l(n) = n**3 - 2*n**2 - 2*n + 3. Let v be l(2). What is the units digit of v/(-3)*21/1?
7
Suppose 0 = 5*k - 0*k - 5. Let o(a) = 13*a. What is the units digit of o(k)?
3
Let y = -3 - 6. Let c = 5 - y. What is the units digit of (-138)/(-7) + 4/c?
0
Suppose 2*m + h - 24 = 0, 4*m + 10 - 42 = 2*h. Let u = m + -6. What is the units digit of u?
4
Let i = -32 + 17. Let r = -10 - i. What is the units digit of r?
5
Suppose s = -2*v + 67, -4*v - v + 205 = 3*s. What is the tens digit of s?
7
What is the units digit of 110/(-33)*132/(-10)?
4
Let v = 31 - 21. Suppose 5*i = 15 + v. What is the units digit of i?
5
Let c(v) = 3*v**2 + 1. Let u = 2 + -3. Let n be c(u). What is the units digit of n/10 + (-76)/(-10)?
8
Suppose 23 - 59 = -3*t. Suppose m + t = 2*m - 4*f, 2*f + 6 = 5*m. Suppose 1 = -g + 3*v, -v + 2 = -m*v. What is the units digit of g?
5
Suppose -99 = -5*i + 31. What is the tens digit of i?
2
Let d(c) = -2*c**2 + 12*c + 10. What is the units digit of d(6)?
0
Suppose x - 2*w - 4 = 1, 4*x - 2*w = 26. Let b(r) be the second derivative of r**5/20 - 7*r**4/12 + 5*r**2 + 3*r. What is the tens digit of b(x)?
1
Suppose 6*y + 24 = 2*y. Suppose h - 5*q = -q - 9, 2*h + 2*q + 28 = 0. Let i = y - h. What is the units digit of i?
7
What is the units digit of 390*((-12)/(-9) + -1)?
0
Suppose 41*l = 37*l + 252. What is the units digit of l?
3
Suppose -14*w - 110 = -16*w. What is the tens digit of w?
5
Let r = 470 + -223. What is the tens digit of r?
4
Let o(y) = y - 3. Let m be o(8). Suppose z = -4*k + 77, -k + m*z - 4*z + 13 = 0. What is the units digit of k?
8
Let d be 2/6 - (-10)/6. Suppose -n - 2*j + 90 = 3*n, -d*n + 5*j = -75. Suppose n = 3*q - 2*t, 0*q - 3*t = q - 1. What is the units digit of q?
7
Let d = 1 - -161. What is the hundreds digit of d?
1
What is the tens digit of (-376)/(-11) + (-2)/11?
3
Suppose -i + 3*t + 108 = 2*i, -68 = -2*i + 4*t. Suppose 4*r = 2*j + i, 3*r + 21 = 5*r + j. What is the tens digit of r?
1
Let l = 34 - -2. What is the tens digit of l?
3
Suppose -1 - 11 = -2*p. Suppose -u - 3*t + 15 = 0, u = -t + 12 - 1. Let k = u - p. What is the units digit of k?
3
What is the tens digit of (-6)/(-18)*(223 - 4)?
7
Let f(x) = x**3 + 10*x**2 - 3*x + 4. Suppose 0*s = 4*s + 40. What is the tens digit of f(s)?
3
Let p(q) = -q + 14. Let k be p(7). Let h = 14 - k. What is the units digit of h?
7
Suppose -4*a + 157 = -459. What is the hundreds digit of a?
1
Suppose -r - 3*r = 12. Let p(w) = -3*w**2 + 3*w - 1. Let j(d) = 7*d**2 - 7*d + 3. Let v(o) = -2*j(o) - 5*p(o). What is the units digit of v(r)?
1
Suppose n + 4*n - 30 = 0. Let w(g) be the first derivative of -g**3/3 + 4*g**2 - 5*g + 5. What is the units digit of w(n)?
7
Let a be (-10)/(-6) + 8/(-12). What is the units digit of 2/(0/1 + a)?
2
Suppose 0 = 3*m - 5*j, 0 = -0*m - 3*m - 4*j. Let d be (m + 1)/((-1)/(-6)). Suppose -v + 4*v = d. What is the units digit of v?
2
Let w = 24 - 8. What is the tens digit of w?
1
Let r = 116 + 72. What is the tens digit of r?
8
Let w(t) = -t**3 - 6*t**2 - 4*t - 7. Suppose 2*j + j + 2*s = -8, -5*s = -25. What is the units digit of w(j)?
7
What is the units digit of ((-4)/4)/(1/(-24))?
4
Let w(s) = -17*s + 6. What is the units digit of w(-5)?
1
Let r = -5 + 35. What is the units digit of r?
0
Suppose 2*q - 4*s - 12 = 0, -3*q - 5*s = -4*s - 39. What is the tens digit of q?
1
Suppose m + 0 = 4. Let j = m + 22. What is the tens digit of j?
2
What is the units digit of 4/(-8)*(-380 + 0/2)?
0
Let l(o) = 2*o - 13. Let a be l(10). Let w(y) = y**2 - 5*y - 6. What is the units digit of w(a)?
8
Let x be ((-28)/6)/(6/(-18)). Let h be (-52)/x - 16/56. What is the units digit of 6/h + (-27)/(-6)?
3
Suppose 3*h + 2*f + 0*f - 273 = 0, 4*h + 4*f = 360. What is the tens digit of h?
9
Let x(s) = 4*s**3 + 2*s**2 - 1. Suppose 2*h + m + 1 = 0, m + 0 - 1 = 0. Let z be x(h). What is the units digit of (z + 1)/(-2) + 8?
9
Suppose -5 = -5*x + 2*r - 1, x - 5*r - 10 = 0. Suppose x = -5*h + h + 20. Suppose -h*b = 6 - 36. What is the units digit of b?
6
Suppose 2*u + 373 = 2*t + 3*t, -5*t = -3*u - 372. Suppose -6*o + 3*o = -t. What is the units digit of o?
5
Suppose -2*u - 2*u = l + 70, 0 = -3*l - 3*u - 174. Let y = -9 - l. What is the tens digit of y?
4
Suppose 10 = 5*d - 0. Suppose 0 = -d*w + 17 - 5. Let k(o) = -o**3 + 6*o**2 + 3*o - 9. What is the units digit of k(w)?
9
Suppose -z - 23 = -5*z + h, 3*h + 9 = 0. Suppose 2*k + z = 21. What is the units digit of k?
8
Let m = -3 - -3. Suppose m = -n + 6 + 5. What is the units digit of n?
1
Suppose -3*f = -6*f + 486. What is the units digit of f?
2
Let s(y) = -y**2 + 5. Let c be s(0). Suppose c = -2*i + 23. Let g = i + -6. What is the units digit of g?
3
Let m(v) = -11*v. What is the units digit of m(-2)?
2
Let u(y) = -y**3 - 6*y**2 - 7*y - 2. Suppose -5*r - 33 + 8 = 0. What is the units digit of u(r)?
8
Let y be -2 - (3 + -1 - 0). Let f(c) = -c**3 - 2*c**2 + 4*c - 3. What is the tens digit of f(y)?
1
Let h = 96 - 136. Let m = -23 - h. Let x = 28 - m. What is the units digit of x?
1
Suppose -4*b = -u + 218 - 38, -2*b = 0. What is the hundreds digit of u?
1
Let u = 1505 - 1022. Suppose -2*w - 229 - u = 0. What is the units digit of (-4)/(-14) + w/(-28)?
3
Let x(y) = -y - 8. Let n be x(-12). Let c be ((-30)/n)/(-3)*6. Suppose -c + 5 = -l. What is the tens digit of l?
1
Suppose 0*c + 6 = 2*c, -4*c - 45 = 3*v. Let g = v + 42. What is the tens digit of g?
2
Let i(c) = c. Let h = 7 + -2. Let l be i(h). Suppose s = -2*m + 11, 3*m - 3*s + 21 = l*m. What is the units digit of m?
3
Suppose -2*a = 4*r + 46, -a + 3*r - 1 + 3 = 0. Let c = -10 - a. What is the units digit of c?
3
Let x = 68 + -14. What is the units digit of x?
4
Let d be (-4)/(15/6 + -3). Suppose 0 = -4*b + 20, 5*z - 17 = -2*b + d. Suppose z*y + 3 = 4*w, 0*y = y - 2*w + 3. What is the units digit of y?
3
Suppose -4*h = -3*u - 12, -2*h + 0*u + 5*u + 6 = 0. Suppose -4*y + 2*f + 118 = 0, -h*y + 3*f - 4*f = -86. What is the units digit of y?
9
Let s(r) = 3*r**2 - r + 1. What is the tens digit of s(-2)?
1
Let n = 74 - 35. What is the tens digit of n?
3
Let g = -14 + 6. Let m(l) = -6 + l - 2*l + 11*l**2 + l**3 - 3*l**2. What is the units digit of m(g)?
2
Suppose -4*v + 30 = -y, -4*v - 4*y = -3*y - 26. Suppose 0 = 3*m + 11 + v. What is the units digit of m/(-3)*4/2?
4
Let l = 7 - 2. Suppose 0 = -6*c + 2*c + 2*g + 6, -9 = -l*c + g. Suppose 6 = c*o - 0. What is the units digit of o?
3
Suppose 2*p = -5*f + 994, 2*f + 3*p - 402 = -0*p. What is the hundreds digit of f?
1
Let y(q) = -2*q + 12. Let u be y(-10). Suppose 4*o - u = 44. What is the units digit of o?
9
Let k(v) = v**2 + 2*v + 15. What is the tens digit of k(0)?
1
Let a = 7 - 2. Suppose -g = 2, 5*g = -4*h + a*h - 52. What is the units digit of h?
2
Let n = 12 + -4. Suppose n*m = 3*m + 10. What is the units digit of (-1)/(m/(-12)) + -2?
4
Let i = 2 - 1. What is the units digit of (17 - -3) + (-1)/i?
9
Suppose -3*v = -3*c - 4*v + 23, -2*c = -2*v - 2. Let d(a) = 21 - 10 - 17 + 3*a. What is the tens digit of d(c)?
1
Suppose k = -2*k + 6. Suppose -n = q - 9, k*n - 3*q + 0 = -2. Let l = n + -2. What is the units digit of l?
3
Let k(i) = 3 + 4*i + 0*i - 3*i + i. What is the units digit of k(3)?
9
Suppose -u + 1337 = 6*u. What is the hundreds digit of u?
1
Suppose -3*y = -2*w - 0*y + 259, 2*w - 254